[INFO] cloning repository https://github.com/obsidiansystems/ckb-plugin-ledger
[INFO] running `Command { std: "git" "-c" "credential.helper=" "-c" "credential.helper=/workspace/cargo-home/bin/git-credential-null" "clone" "--bare" "https://github.com/obsidiansystems/ckb-plugin-ledger" "/workspace/cache/git-repos/https%3A%2F%2Fgithub.com%2Fobsidiansystems%2Fckb-plugin-ledger", kill_on_drop: false }`
[INFO] [stderr] Cloning into bare repository '/workspace/cache/git-repos/https%3A%2F%2Fgithub.com%2Fobsidiansystems%2Fckb-plugin-ledger'...
[INFO] running `Command { std: "git" "rev-parse" "HEAD", kill_on_drop: false }`
[INFO] [stdout] 27374bd1768c05cc016f0e394721810d79a77f17
[INFO] checking obsidiansystems/ckb-plugin-ledger against master#af3c6e733a40e671550e0f0f5aeecaa13772ba56 for pr-74989
[INFO] running `Command { std: "git" "clone" "/workspace/cache/git-repos/https%3A%2F%2Fgithub.com%2Fobsidiansystems%2Fckb-plugin-ledger" "/workspace/builds/worker-3/source", kill_on_drop: false }`
[INFO] [stderr] Cloning into '/workspace/builds/worker-3/source'...
[INFO] [stderr] done.
[INFO] validating manifest of git repo https://github.com/obsidiansystems/ckb-plugin-ledger on toolchain af3c6e733a40e671550e0f0f5aeecaa13772ba56
[INFO] running `Command { std: "/workspace/cargo-home/bin/cargo" "+af3c6e733a40e671550e0f0f5aeecaa13772ba56" "read-manifest" "--manifest-path" "Cargo.toml", kill_on_drop: false }`
[INFO] started tweaking git repo https://github.com/obsidiansystems/ckb-plugin-ledger
[INFO] finished tweaking git repo https://github.com/obsidiansystems/ckb-plugin-ledger
[INFO] tweaked toml for git repo https://github.com/obsidiansystems/ckb-plugin-ledger written to /workspace/builds/worker-3/source/Cargo.toml
[INFO] crate git repo https://github.com/obsidiansystems/ckb-plugin-ledger already has a lockfile, it will not be regenerated
[INFO] running `Command { std: "/workspace/cargo-home/bin/cargo" "+af3c6e733a40e671550e0f0f5aeecaa13772ba56" "fetch" "--locked" "--manifest-path" "Cargo.toml", kill_on_drop: false }`
[INFO] [stderr]     Blocking waiting for file lock on package cache
[INFO] [stderr]     Blocking waiting for file lock on package cache
[INFO] running `Command { std: "docker" "create" "-v" "/var/lib/crater-agent-workspace/builds/worker-3/target:/opt/rustwide/target:rw,Z" "-v" "/var/lib/crater-agent-workspace/builds/worker-3/source:/opt/rustwide/workdir:ro,Z" "-v" "/var/lib/crater-agent-workspace/cargo-home:/opt/rustwide/cargo-home:ro,Z" "-v" "/var/lib/crater-agent-workspace/rustup-home:/opt/rustwide/rustup-home:ro,Z" "-e" "SOURCE_DIR=/opt/rustwide/workdir" "-e" "CARGO_TARGET_DIR=/opt/rustwide/target" "-e" "CARGO_HOME=/opt/rustwide/cargo-home" "-e" "RUSTUP_HOME=/opt/rustwide/rustup-home" "-w" "/opt/rustwide/workdir" "-m" "1610612736" "--user" "0:0" "--network" "none" "rustops/crates-build-env@sha256:d92eaeed33fa75130ca1ee6c8a01d1ffb62bac859dfdfb3450e3e5d1c0146529" "/opt/rustwide/cargo-home/bin/cargo" "+af3c6e733a40e671550e0f0f5aeecaa13772ba56" "metadata" "--no-deps" "--format-version=1", kill_on_drop: false }`
[INFO] [stdout] 7860583dd2c0f8685d2254ddcc6ca2f4db5b95d32b1feeb7c1e0259457d38cd4
[INFO] [stderr] WARNING: Your kernel does not support swap limit capabilities or the cgroup is not mounted. Memory limited without swap.
[INFO] running `Command { std: "docker" "start" "-a" "7860583dd2c0f8685d2254ddcc6ca2f4db5b95d32b1feeb7c1e0259457d38cd4", kill_on_drop: false }`
[INFO] running `Command { std: "docker" "inspect" "7860583dd2c0f8685d2254ddcc6ca2f4db5b95d32b1feeb7c1e0259457d38cd4", kill_on_drop: false }`
[INFO] running `Command { std: "docker" "rm" "-f" "7860583dd2c0f8685d2254ddcc6ca2f4db5b95d32b1feeb7c1e0259457d38cd4", kill_on_drop: false }`
[INFO] [stdout] 7860583dd2c0f8685d2254ddcc6ca2f4db5b95d32b1feeb7c1e0259457d38cd4
[INFO] running `Command { std: "docker" "create" "-v" "/var/lib/crater-agent-workspace/builds/worker-3/target:/opt/rustwide/target:rw,Z" "-v" "/var/lib/crater-agent-workspace/builds/worker-3/source:/opt/rustwide/workdir:ro,Z" "-v" "/var/lib/crater-agent-workspace/cargo-home:/opt/rustwide/cargo-home:ro,Z" "-v" "/var/lib/crater-agent-workspace/rustup-home:/opt/rustwide/rustup-home:ro,Z" "-e" "SOURCE_DIR=/opt/rustwide/workdir" "-e" "CARGO_TARGET_DIR=/opt/rustwide/target" "-e" "CARGO_INCREMENTAL=0" "-e" "RUST_BACKTRACE=full" "-e" "RUSTFLAGS=--cap-lints=forbid" "-e" "CARGO_HOME=/opt/rustwide/cargo-home" "-e" "RUSTUP_HOME=/opt/rustwide/rustup-home" "-w" "/opt/rustwide/workdir" "-m" "1610612736" "--user" "0:0" "--network" "none" "rustops/crates-build-env@sha256:d92eaeed33fa75130ca1ee6c8a01d1ffb62bac859dfdfb3450e3e5d1c0146529" "/opt/rustwide/cargo-home/bin/cargo" "+af3c6e733a40e671550e0f0f5aeecaa13772ba56" "check" "--frozen" "--all" "--all-targets" "--message-format=json", kill_on_drop: false }`
[INFO] [stdout] 236665cf75ae8e736dd45ffff75029a2f823244ead0de8ccdffb0bb6393b80ad
[INFO] [stderr] WARNING: Your kernel does not support swap limit capabilities or the cgroup is not mounted. Memory limited without swap.
[INFO] running `Command { std: "docker" "start" "-a" "236665cf75ae8e736dd45ffff75029a2f823244ead0de8ccdffb0bb6393b80ad", kill_on_drop: false }`
[INFO] [stderr]    Compiling libc v0.2.72
[INFO] [stderr]    Compiling cfg-if v0.1.10
[INFO] [stderr]    Compiling syn v1.0.34
[INFO] [stderr]    Compiling serde v1.0.114
[INFO] [stderr]    Compiling scopeguard v1.1.0
[INFO] [stderr]    Compiling either v1.5.3
[INFO] [stderr]    Compiling rand_core v0.4.2
[INFO] [stderr]    Compiling adler v0.2.3
[INFO] [stderr]    Compiling syn v0.15.44
[INFO] [stderr]    Compiling log v0.4.11
[INFO] [stderr]    Compiling gimli v0.22.0
[INFO] [stderr]    Compiling object v0.20.0
[INFO] [stderr]    Compiling rustc-demangle v0.1.16
[INFO] [stderr]    Compiling heapsize v0.4.2
[INFO] [stderr]    Compiling faster-hex v0.4.1
[INFO] [stderr]    Compiling pkg-config v0.3.18
[INFO] [stderr]     Checking unicode-xid v0.2.1
[INFO] [stderr]    Compiling serde_json v1.0.56
[INFO] [stderr]    Compiling same-file v1.0.6
[INFO] [stderr]    Compiling faster-hex v0.3.1
[INFO] [stderr]     Checking bit-vec v0.5.1
[INFO] [stderr]    Compiling openssl v0.10.30
[INFO] [stderr]     Checking once_cell v1.4.0
[INFO] [stderr]    Compiling native-tls v0.2.4
[INFO] [stderr]     Checking ppv-lite86 v0.2.8
[INFO] [stderr]     Checking stable_deref_trait v1.2.0
[INFO] [stderr]     Checking remove_dir_all v0.5.3
[INFO] [stderr]     Checking eaglesong v0.1.0
[INFO] [stderr]     Checking subtle v1.0.0
[INFO] [stderr]     Checking httpdate v0.3.2
[INFO] [stderr]     Checking linked-hash-map v0.5.1 (https://github.com/nervosnetwork/linked-hash-map?rev=df27f21#df27f219)
[INFO] [stderr]     Checking ckb-vm-definitions v0.19.1
[INFO] [stderr]    Compiling glob v0.2.11
[INFO] [stderr]    Compiling ckb-script v0.34.0-pre (https://github.com/obsidiansystems/ckb?rev=9c7c051777c06e540f68bb665277077c3ce8dbec#9c7c0517)
[INFO] [stderr]     Checking bech32 v0.6.0
[INFO] [stderr]     Checking linked-hash-map v0.5.3
[INFO] [stderr]     Checking ledger-apdu v0.1.0 (https://github.com/obsidiansystems/ledger-rs?rev=fed7c6e9d7d7162c421fc4d1d6c4a4809bb21d4f#fed7c6e9)
[INFO] [stderr]     Checking unicode-width v0.1.8
[INFO] [stderr]     Checking cassowary v0.3.0
[INFO] [stderr]     Checking hex v0.4.2
[INFO] [stderr]     Checking ckb-build-info v0.34.0-pre (https://github.com/obsidiansystems/ckb?rev=9c7c051777c06e540f68bb665277077c3ce8dbec#9c7c0517)
[INFO] [stderr]    Compiling memoffset v0.5.5
[INFO] [stderr]    Compiling rayon v1.3.1
[INFO] [stderr]     Checking merkle-cbt v0.2.2
[INFO] [stderr]     Checking try_from v0.3.2
[INFO] [stderr]     Checking crossbeam-utils v0.6.6
[INFO] [stderr]     Checking thread_local v1.0.1
[INFO] [stderr]     Checking miniz_oxide v0.4.0
[INFO] [stderr]     Checking rand_core v0.3.1
[INFO] [stderr]    Compiling error-chain v0.12.2
[INFO] [stderr]    Compiling phf_shared v0.7.24
[INFO] [stderr]     Checking lock_api v0.3.4
[INFO] [stderr]     Checking tokio-sync v0.1.8
[INFO] [stderr]    Compiling rand_jitter v0.1.4
[INFO] [stderr]    Compiling walkdir v2.3.1
[INFO] [stderr]     Checking owning_ref v0.4.1
[INFO] [stderr]    Compiling maybe-uninit v2.0.0
[INFO] [stderr]     Checking yaml-rust v0.4.4
[INFO] [stderr]    Compiling proc-macro2 v1.0.18
[INFO] [stderr]     Checking rand_hc v0.1.0
[INFO] [stderr]     Checking rand_xorshift v0.1.1
[INFO] [stderr]     Checking rand_isaac v0.1.1
[INFO] [stderr]    Compiling crc32fast v1.2.0
[INFO] [stderr]    Compiling syn v0.11.11
[INFO] [stderr]     Checking idna v0.1.5
[INFO] [stderr]    Compiling phf v0.7.24
[INFO] [stderr]     Checking crossbeam-channel v0.3.9
[INFO] [stderr]    Compiling crossbeam-utils v0.7.2
[INFO] [stderr]    Compiling rand_pcg v0.1.2
[INFO] [stderr]    Compiling rand_chacha v0.1.1
[INFO] [stderr]     Checking bitcoin_hashes v0.3.2
[INFO] [stderr]    Compiling hyper v0.12.35
[INFO] [stderr]    Compiling im v12.3.4
[INFO] [stderr]    Compiling sentry v0.16.0
[INFO] [stderr]     Checking lock_api v0.1.5
[INFO] [stderr]     Checking sized-chunks v0.1.3
[INFO] [stderr]     Checking quote v1.0.7
[INFO] [stderr]     Checking tiny-keccak v1.5.0
[INFO] [stderr]     Checking want v0.2.0
[INFO] [stderr]     Checking url v1.7.2
[INFO] [stderr]     Checking tokio-executor v0.1.10
[INFO] [stderr]     Checking crossbeam-queue v0.2.3
[INFO] [stderr]     Checking digest v0.8.1
[INFO] [stderr]     Checking crypto-mac v0.7.0
[INFO] [stderr]     Checking block-cipher-trait v0.6.2
[INFO] [stderr]     Checking stream-cipher v0.3.2
[INFO] [stderr]     Checking regex v1.3.9
[INFO] [stderr]     Checking crossbeam-epoch v0.8.2
[INFO] [stderr]     Checking addr2line v0.13.0
[INFO] [stderr]     Checking aes-soft v0.3.3
[INFO] [stderr]     Checking pbkdf2 v0.3.0
[INFO] [stderr]     Checking hmac v0.7.1
[INFO] [stderr]     Checking sha2 v0.8.2
[INFO] [stderr]     Checking tokio-timer v0.2.13
[INFO] [stderr]     Checking tokio-current-thread v0.1.7
[INFO] [stderr]     Checking ctr v0.3.2
[INFO] [stderr]     Checking iovec v0.1.4
[INFO] [stderr]     Checking rand_os v0.1.3
[INFO] [stderr]     Checking rand v0.5.6
[INFO] [stderr]     Checking num_cpus v1.13.0
[INFO] [stderr]     Checking time v0.1.43
[INFO] [stderr]     Checking net2 v0.2.34
[INFO] [stderr]     Checking parking_lot_core v0.6.2
[INFO] [stderr]     Checking flate2 v1.0.16
[INFO] [stderr]     Checking getrandom v0.1.14
[INFO] [stderr]     Checking atty v0.2.14
[INFO] [stderr]     Checking uname v0.1.1
[INFO] [stderr]     Checking hostname v0.1.5
[INFO] [stderr]     Checking memmap v0.7.0
[INFO] [stderr]     Checking nix v0.17.0
[INFO] [stderr]     Checking termion v1.5.5
[INFO] [stderr]     Checking dirs v1.0.5
[INFO] [stderr]     Checking backtrace v0.3.50
[INFO] [stderr]     Checking crossbeam-deque v0.7.3
[INFO] [stderr]     Checking aes-ctr v0.3.0
[INFO] [stderr]     Checking bytes v0.4.12
[INFO] [stderr]     Checking rand v0.6.5
[INFO] [stderr]     Checking mio v0.6.22
[INFO] [stderr]     Checking futures-cpupool v0.1.8
[INFO] [stderr]     Checking parking_lot v0.9.0
[INFO] [stderr]     Checking cookie v0.12.0
[INFO] [stderr]     Checking rand_core v0.5.1
[INFO] [stderr]     Checking includedir v0.5.0
[INFO] [stderr]     Checking tokio-threadpool v0.1.18
[INFO] [stderr]     Checking scrypt v0.2.0
[INFO] [stderr]     Checking tui v0.6.2
[INFO] [stderr]    Compiling rayon-core v1.7.1
[INFO] [stderr]     Checking tokio-io v0.1.13
[INFO] [stderr]     Checking http v0.1.21
[INFO] [stderr]     Checking string v0.2.1
[INFO] [stderr]     Checking tokio-buf v0.1.1
[INFO] [stderr]     Checking publicsuffix v1.5.4
[INFO] [stderr]     Checking env_logger v0.6.2
[INFO] [stderr]    Compiling enum-display-derive v0.1.0
[INFO] [stderr]     Checking rand_chacha v0.2.2
[INFO] [stderr]     Checking parking_lot_core v0.4.0
[INFO] [stderr]     Checking tokio-reactor v0.1.12
[INFO] [stderr]     Checking rand v0.7.3
[INFO] [stderr]     Checking parking_lot v0.7.1
[INFO] [stderr]     Checking tokio-tcp v0.1.4
[INFO] [stderr]     Checking ckb-util v0.34.0-pre (https://github.com/obsidiansystems/ckb?rev=9c7c051777c06e540f68bb665277077c3ce8dbec#9c7c0517)
[INFO] [stderr]     Checking tokio v0.1.22
[INFO] [stderr]    Compiling phf_generator v0.7.24
[INFO] [stderr]     Checking tempfile v3.1.0
[INFO] [stderr]    Compiling phf_codegen v0.7.24
[INFO] [stderr]    Compiling includedir_codegen v0.5.0
[INFO] [stderr]    Compiling synstructure v0.12.4
[INFO] [stderr]    Compiling numext-constructor v0.1.4
[INFO] [stderr]     Checking h2 v0.1.26
[INFO] [stderr]     Checking http-body v0.1.0
[INFO] [stderr]    Compiling serde_derive v1.0.114
[INFO] [stderr]    Compiling failure_derive v0.1.8
[INFO] [stderr]    Compiling scroll_derive v0.10.2
[INFO] [stderr]    Compiling derive_more v0.99.9
[INFO] [stderr]    Compiling thiserror-impl v1.0.20
[INFO] [stderr]    Compiling cc v1.0.41
[INFO] [stderr]    Compiling failure v0.1.8
[INFO] [stderr]     Checking scroll v0.10.1
[INFO] [stderr]     Checking goblin v0.2.3
[INFO] [stderr]     Checking goblin v0.1.3
[INFO] [stderr]    Compiling blake2b-rs v0.1.5
[INFO] [stderr]    Compiling openssl-sys v0.9.58
[INFO] [stderr]    Compiling secp256k1-sys v0.1.2
[INFO] [stderr]    Compiling ckb-vm v0.19.1
[INFO] [stderr]    Compiling ckb-librocksdb-sys v6.7.3
[INFO] [stderr]    Compiling hidapi v1.2.3
[INFO] [stderr]     Checking thiserror v1.0.20
[INFO] [stderr]     Checking ledger-transport-hid v0.3.0 (https://github.com/obsidiansystems/ledger-rs?rev=fed7c6e9d7d7162c421fc4d1d6c4a4809bb21d4f#fed7c6e9)
[INFO] [stderr]     Checking ckb-hash v0.34.0-pre (https://github.com/obsidiansystems/ckb?rev=9c7c051777c06e540f68bb665277077c3ce8dbec#9c7c0517)
[INFO] [stderr]    Compiling ckb-system-scripts v0.5.1
[INFO] [stderr]     Checking secp256k1 v0.17.2
[INFO] [stderr] error: could not compile `derive_more`.
[INFO] [stderr] 
[INFO] [stderr] Caused by:
[INFO] [stderr]   process didn't exit successfully: `rustc --crate-name derive_more --edition=2018 /opt/rustwide/cargo-home/registry/src/github.com-1ecc6299db9ec823/derive_more-0.99.9/src/lib.rs --error-format=json --json=diagnostic-rendered-ansi --crate-type proc-macro --emit=dep-info,link -C prefer-dynamic -C embed-bitcode=no -C debuginfo=2 --cfg 'feature="add"' --cfg 'feature="add_assign"' --cfg 'feature="as_mut"' --cfg 'feature="as_ref"' --cfg 'feature="constructor"' --cfg 'feature="default"' --cfg 'feature="deref"' --cfg 'feature="deref_mut"' --cfg 'feature="display"' --cfg 'feature="error"' --cfg 'feature="from"' --cfg 'feature="from_str"' --cfg 'feature="index"' --cfg 'feature="index_mut"' --cfg 'feature="into"' --cfg 'feature="into_iterator"' --cfg 'feature="iterator"' --cfg 'feature="mul"' --cfg 'feature="mul_assign"' --cfg 'feature="not"' --cfg 'feature="sum"' --cfg 'feature="try_into"' -C metadata=07e68ddbbe49bf1a -C extra-filename=-07e68ddbbe49bf1a --out-dir /opt/rustwide/target/debug/deps -L dependency=/opt/rustwide/target/debug/deps --extern proc_macro2=/opt/rustwide/target/debug/deps/libproc_macro2-6853290c5739ec5d.rlib --extern quote=/opt/rustwide/target/debug/deps/libquote-ab332d09c2bc17ce.rlib --extern syn=/opt/rustwide/target/debug/deps/libsyn-ffee41104fce2e84.rlib --extern proc_macro --cap-lints allow --cap-lints=forbid` (signal: 9, SIGKILL: kill)
[INFO] [stderr] warning: build failed, waiting for other jobs to finish...
[INFO] [stderr] The following warnings were emitted during compilation:
[INFO] [stderr] 
[INFO] [stderr] warning: c++: fatal error: Killed signal terminated program cc1plus
[INFO] [stderr] warning: compilation terminated.
[INFO] [stderr] warning: c++: fatal error: Killed signal terminated program cc1plus
[INFO] [stderr] warning: compilation terminated.
[INFO] [stderr] warning: c++: fatal error: Killed signal terminated program cc1plus
[INFO] [stderr] warning: compilation terminated.
[INFO] [stderr] warning: c++: fatal error: Killed signal terminated program cc1plus
[INFO] [stderr] warning: compilation terminated.
[INFO] [stderr] warning: c++: fatal error: Killed signal terminated program cc1plus
[INFO] [stderr] warning: compilation terminated.
[INFO] [stderr] 
[INFO] [stderr] error: build failed
[INFO] running `Command { std: "docker" "inspect" "236665cf75ae8e736dd45ffff75029a2f823244ead0de8ccdffb0bb6393b80ad", kill_on_drop: false }`
[INFO] running `Command { std: "docker" "rm" "-f" "236665cf75ae8e736dd45ffff75029a2f823244ead0de8ccdffb0bb6393b80ad", kill_on_drop: false }`
[INFO] [stdout] 236665cf75ae8e736dd45ffff75029a2f823244ead0de8ccdffb0bb6393b80ad
